
2, 13, 55021
List the prime factors of 1967724.
2, 3, 11, 4969
What are the prime factors of 2580114?
2, 3, 430019
What are the prime factors of 4499884?
2, 19, 59209
List the prime factors of 3337318.
2, 41, 40699
List the prime factors of 18363965.
5, 3672793
List the prime factors of 3693732.
2, 3, 7, 43973
What are the prime factors of 1843855?
5, 13, 19, 1493
List the prime factors of 355717.
355717
What are the prime factors of 357729?
3, 119243
What are the prime factors of 3743613?
3, 415957
List the prime factors of 14274338.
2, 13, 549013
List the prime factors of 3148062.
2, 3, 41, 67, 191
What are the prime factors of 390410?
2, 5, 39041
List the prime factors of 371127.
3, 17, 19, 383
List the prime factors of 16187645.
5, 71, 45599
What are the prime factors of 134719?
13, 43, 241
List the prime factors of 8634826.
2, 67, 64439
What are the prime factors of 320376?
2, 3, 7, 1907
What are the prime factors of 28730449?
11, 2611859
List the prime factors of 91344.
2, 3, 11, 173
What are the prime factors of 6956292?
2, 3, 7, 82813
What are the prime factors of 32151834?
2, 3, 11, 13, 12491
List the prime factors of 2794905.
3, 5, 67, 103
List the prime factors of 1223544.
2, 3, 7, 7283
List the prime factors of 530688.
2, 3, 691
List the prime factors of 8243.
8243
List the prime factors of 1172.
2, 293
List the prime factors of 918018.
2, 3, 51001
What are the prime factors of 14989198?
2, 7, 43, 3557
What are the prime factors of 5261940?
2, 3, 5, 23, 31, 41
List the prime factors of 33849509.
3571, 9479
What are the prime factors of 514328?
2, 239, 269
List the prime factors of 25566839.
25566839
List the prime factors of 12888.
2, 3, 179
What are the prime factors of 310793?
7, 29, 1531
What are the prime factors of 1293234?
2, 3, 67, 3217
What are the prime factors of 618470?
2, 5, 23, 2689
List the prime factors of 6506077.
61, 106657
List the prime factors of 489920.
2, 5, 1531
List the prime factors of 3505281.
3, 13, 17, 311
What are the prime factors of 24034400?
2, 5, 13, 2311
What are the prime factors of 184729?
31, 59, 101
What are the prime factors of 1222425?
3, 5, 1811
What are the prime factors of 9581398?
2, 4790699
List the prime factors of 1796670.
2, 3, 5, 19963
What are the prime factors of 99087?
3, 33029
List the prime factors of 12431047.
599, 20753
List the prime factors of 185012.
2, 23, 2011
List the prime factors of 2385945.
3, 5, 37, 1433
What are the prime factors of 104464?
2, 6529
List the prime factors of 828192.
2, 3, 8627
What are the prime factors of 1408878?
2, 3, 29, 2699
What are the prime factors of 16912291?
11, 23, 59, 103
List the prime factors of 149807.
7, 21401
What are the prime factors of 32397713?
32397713
What are the prime factors of 16984008?
2, 3, 235889
What are the prime factors of 2552104?
2, 59, 5407
What are the prime factors of 90711?
3, 10079
List the prime factors of 2280289.
11, 23, 9013
What are the prime factors of 2649012?
2, 3, 31, 7121
List the prime factors of 70112.
2, 7, 313
List the prime factors of 3067691.
11, 278881
What are the prime factors of 18846022?
2, 13, 724847
What are the prime factors of 185010?
2, 3, 5, 7, 881
List the prime factors of 30158.
2, 17, 887
What are the prime factors of 816475?
5, 11, 2969
What are the prime factors of 26432577?
3, 41, 71633
List the prime factors of 8339384.
2, 17, 3607
List the prime factors of 797524.
2, 7, 13, 313
What are the prime factors of 1136358?
2, 3, 63131
What are the prime factors of 9910399?
199, 49801
List the prime factors of 1041364.
2, 257, 1013
What are the prime factors of 17303890?
2, 5, 31, 55819
What are the prime factors of 3188272?
2, 199267
What are the prime factors of 5070903?
3, 263, 6427
List the prime factors of 732321.
3, 9041
List the prime factors of 5572489.
13, 193, 2221
List the prime factors of 97543.
23, 4241
List the prime factors of 72016.
2, 7, 643
What are the prime factors of 58048?
2, 907
List the prime factors of 290447.
290447
What are the prime factors of 7810150?
2, 5, 181, 863
List the prime factors of 3918215.
5, 7, 111949
What are the prime factors of 2848577?
2848577
List the prime factors of 45027.
3, 5003
What are the prime factors of 377302?
2, 19, 9929
List the prime factors of 189684.
2, 3, 11, 479
List the prime factors of 1408903.
503, 2801
List the prime factors of 4139384.
2, 47, 101, 109
List the prime factors of 4803079.
61, 71, 1109
What are the prime factors of 6565166?
2, 23, 41, 59
List the prime factors of 195892.
2, 48973
What are the prime factors of 864354?
2, 3, 71, 2029
List the prime factors of 1435943.
41, 35023
What are the prime factors of 222945?
3, 5, 89, 167
What are the prime factors of 7666420?
2, 5, 383321
What are the prime factors of 128150?
2, 5, 11, 233
List the prime factors of 12593138.
2, 6296569
What are the prime factors of 168714?
2, 3, 7, 13, 103
What are the prime factors of 11470290?
2, 3, 5, 13, 29411
What are the prime factors of 10222681?
7, 1460383
What are the prime factors of 20620016?
2, 19, 67829
List the prime factors of 303818.
2, 151909
List the prime factors of 80224.
2, 23, 109
List the prime factors of 1873177.
283, 6619
List the prime factors of 42668.
2, 10667
List the prime factors of 547299.
3, 60811
What are the prime factors of 45274?
2, 22637
What are the prime factors of 911415?
3, 5, 60761
List the prime factors of 434033.
23, 113, 167
List the prime factors of 1823094.
2, 3, 7, 13, 53
What are the prime factors of 655235?
5, 7, 97, 193
List the prime factors of 319597.
401, 797
What are the prime factors of 10481033?
10481033
What are the prime factors of 268138?
2, 13, 10313
What are the prime factors of 18386759?
659, 27901
What are the prime factors of 5266718?
2, 2633359
What are the prime factors of 18086691?
3, 7, 17, 29, 1747
List the prime factors of 353592.
2, 3, 1637
List the prime factors of 428348.
2, 173, 619
What are the prime factors of 192703?
7, 27529
What are the prime factors of 215094?
2, 3, 11, 3259
List the prime factors of 373613.
373613
List the prime factors of 7847154.
2, 3, 7, 31, 41
What are the prime factors of 3483825?
3, 5, 46451
What are the prime factors of 14284005?
3, 5, 47, 20261
List the prime factors of 10837529.
193, 233, 241
List the prime factors of 1402854.
2, 3, 229, 1021
What are the prime factors of 2397336?
2, 3, 23, 43, 101
List the prime factors of 6128095.
5, 47, 89, 293
List the prime factors of 4861871.
7, 167, 4159
List the prime factors of 1304006.
2, 11, 59273
List the prime factors of 17160624.
2, 3, 13, 89, 103
List the prime factors of 4121396.
2, 1030349
List the prime factors of 349717.
349717
List the prime factors of 388594.
2, 331, 587
What are the prime factors of 244038?
2, 3, 89, 457
What are the prime factors of 5624187?
3, 1874729
What are the prime factors of 493194?
2, 3, 13, 6323
What are the prime factors of 3326444?
2, 11, 19, 23, 173
List the prime factors of 1919643.
3, 11, 58171
What are the prime factors of 50527?
50527
What are the prime factors of 334752?
2, 3, 11, 317
List the prime factors of 7880715.
3, 5, 73, 2399
List the prime factors of 494862.
2, 3, 67, 1231
List the prime factors of 1174241.
17, 69073
What are the prime factors of 2278991?
11, 13, 15937
List the prime factors of 715604.
2, 29, 31, 199
What are the prime factors of 622303?
11, 37, 139
List the prime factors of 1766201.
1766201
What are the prime factors of 3149654?
2, 1574827
What are the prime factors of 17755719?
3, 5918573
What are the prime factors of 197359?
197359
What are the prime factors of 735049?
7, 2143
What are the prime factors of 23649586?
2, 37, 319589
What are the prime factors of 506710?
2, 5, 50671
What are the prime factors of 2475437?
2475437
What are the prime factors of 407017?
13, 131, 239
List the prime factors of 70327.
70327
List the prime factors of 738194.
2, 369097
What are the prime factors of 7095709?
1439, 4931
What are the prime factors of 3291976?
2, 157, 2621
What are the prime factors of 502649?
7, 71807
What are the prime factors of 11316151?
7, 11, 281, 523
What are the prime factors of 4531607?
41, 110527
List the prime factors of 4287793.
4287793
List the prime factors of 985287.
3, 328429
What are 